{"id":2,"date":"2016-01-22T13:38:35","date_gmt":"2016-01-22T12:38:35","guid":{"rendered":"http:\/\/www.mffv.de\/?page_id=2"},"modified":"2017-06-23T01:35:38","modified_gmt":"2017-06-22T23:35:38","slug":"der-mffv","status":"publish","type":"page","link":"https:\/\/www.mffv.de\/index.php\/der-mffv\/","title":{"rendered":"DER MFFV"},"content":{"rendered":"<p>Ingelore K\u00f6nig, Vorsitzende des MFFV \u00fcber den MFFV<\/p>\n<p>&#8222;Wir brauchen ein kreatives Netzwerk f\u00fcr die unabh\u00e4ngigen Produzenten, die Mitteldeutschland als ihre origin\u00e4re Produktions-Heimat ansehen. Vor allem die kleineren mittelst\u00e4ndischen und die jungen Unternehmen m\u00fcssen sich ? bei aller Konkurrenz ? in medienpolitischen Fragen verb\u00fcnden. Information und Kommunikation sind ebenso \u00fcberlebenswichtig wie eine offene und selbstkritische Qualit\u00e4tsdiskussion&#8230;?Sender und Produzenten sollten immer kreative Verb\u00fcndete sein. Schlie\u00dflich wollen wir alle gutes Programm machen ? und nat\u00fcrlich wollen wir dabei auch noch wirtschaftlich \u00fcberleben. Feindbilder helfen da wenig, vor allem nicht dem Publikum.&#8220;<\/p>\n","protected":false},"excerpt":{"rendered":"<p>Ingelore K\u00f6nig, Vorsitzende des MFFV \u00fcber den MFFV &#8222;Wir brauchen ein kreatives Netzwerk f\u00fcr die unabh\u00e4ngigen Produzenten, die Mitteldeutschland als ihre origin\u00e4re Produktions-Heimat ansehen. Vor allem die kleineren mittelst\u00e4ndischen und die jungen Unternehmen m\u00fcssen sich ? bei aller Konkurrenz ? in medienpolitischen Fragen verb\u00fcnden. Information und Kommunikation sind ebenso \u00fcberlebenswichtig wie eine offene und selbstkritische &hellip; <\/p>\n<p class=\"link-more\"><a href=\"https:\/\/www.mffv.de\/index.php\/der-mffv\/\" class=\"more-link\"><span class=\"screen-reader-text\">\u201eDER MFFV\u201c<\/span> weiterlesen<\/a><\/p>\n","protected":false},"author":1,"featured_media":0,"parent":0,"menu_order":0,"comment_status":"closed","ping_status":"open","template":"mffv.php","meta":{"_acf_changed":false,"_exactmetrics_skip_tracking":false,"_exactmetrics_sitenote_active":false,"_exactmetrics_sitenote_note":"","_exactmetrics_sitenote_category":0,"footnotes":""},"class_list":["post-2","page","type-page","status-publish","hentry"],"acf":[],"_links":{"self":[{"href":"https:\/\/www.mffv.de\/index.php\/wp-json\/wp\/v2\/pages\/2","targetHints":{"allow":["GET"]}}],"collection":[{"href":"https:\/\/www.mffv.de\/index.php\/wp-json\/wp\/v2\/pages"}],"about":[{"href":"https:\/\/www.mffv.de\/index.php\/wp-json\/wp\/v2\/types\/page"}],"author":[{"embeddable":true,"href":"https:\/\/www.mffv.de\/index.php\/wp-json\/wp\/v2\/users\/1"}],"replies":[{"embeddable":true,"href":"https:\/\/www.mffv.de\/index.php\/wp-json\/wp\/v2\/comments?post=2"}],"version-history":[{"count":1,"href":"https:\/\/www.mffv.de\/index.php\/wp-json\/wp\/v2\/pages\/2\/revisions"}],"predecessor-version":[{"id":701,"href":"https:\/\/www.mffv.de\/index.php\/wp-json\/wp\/v2\/pages\/2\/revisions\/701"}],"wp:attachment":[{"href":"https:\/\/www.mffv.de\/index.php\/wp-json\/wp\/v2\/media?parent=2"}],"curies":[{"name":"wp","href":"https:\/\/api.w.org\/{rel}","templated":true}]}}